ns digit of t(1)?
8
What is the units digit of ((-65)/13 - 1508)*-1?
3
Suppose 11*s - 8*s - 19561 = 2*i, 0 = -3*i - 15. Suppose -72*n + 65*n + s = 0. What is the units digit of n?
1
Let z be ((-6460)/(-4))/(-2 - -3). Suppose -z = -5*p + 5*q, -2*q + 214 = p - 121. What is the tens digit of p?
2
Let p(j) = 13*j**2 + 13*j - 11. Let m = -1 + 7. What is the hundreds digit of p(m)?
5
Let g be (-4 - -44) + 1 + -1. Suppose -3*a = -m - 134, 3*a - 82 = -5*m + g. Suppose -2*d + 4*q + a + 76 = 0, 4*d = 4*q + 224. What is the units digit of d?
2
Suppose -4*b = -2*h + 234, 5*h - 2*b = -4*b + 585. Let o = 170 + h. What is the units digit of o?
7
Let z = -128 - -130. What is the units digit of -6*127*(-1)/z?
1
Suppose 657*h = 625*h + 113728. What is the thousands digit of h?
3
Let m be 2/(-1)*37*-5. Suppose 5*j = -5373 + 5383. Suppose 0 = 5*q - 3*v - m, -57 = -j*q + 5*v + 91. What is the tens digit of q?
7
Let z(i) = i**3 - 5*i + 4. Let g be z(4). Let m(s) = -6*s + 17. Let y be m(-5). Suppose y*l - g*l + 177 = 0. What is the units digit of l?
7
Suppose 2*y = -b - 3*b + 62, -y + b + 31 = 0. Suppose 0 = -25*q + y*q - 1140. What is the tens digit of q?
9
Suppose 10*f - 12888 = 9*f + 5*u, 0 = -5*u + 30. What is the thousands digit of f?
2
Let w be -2*2 + 5*6/5. What is the tens digit of (-6309)/(-27) - (w - (-10)/(-3))?
3
Let q be (2 - (-88)/14)*(-26 - -33). Suppose -57*o + q*o + 2963 = 3*c, 3*o = -c + 991. What is the tens digit of c?
8
Let u = -1567 + 973. Let x = -421 - u. Suppose -203 = -4*k + x. What is the units digit of k?
4
Suppose 0 = 4*d + 3*u + 16, -4*u - 4 = d - 0. Let b be ((-1)/(-3))/(-1)*(d - -7). What is the units digit of (-104)/12*(b + -11)?
4
Suppose -5*r - 190 = -5*l, -3*r = -2*l - 7*r + 100. What is the hundreds digit of 15260/l + (-8)/(-12)?
3
Let i = 1429 - 1798. Let v be 0 + (-8 - (-3 + 2)). What is the units digit of i/v + 4/14?
3
What is the hundreds digit of (-779762766)/(-25858) - 24/14*2/6?
1
Suppose 261 = 5*a - 4*k, 3*k - 98 = -3*a + 64. Suppose 828*d - 830*d - 130 = 0. Let t = a - d. What is the tens digit of t?
1
Let s = 1963 + -1382. Let f = -227 + s. What is the hundreds digit of f?
3
Suppose 10*z = -5*i + 7*z + 89, -2*i + 41 = 3*z. What is the tens digit of 548 + i - (2 + 0)?
6
Let a(j) = -j**3 - 4*j**2 - 5*j + 14. Let b be a(-7). Suppose 4*u + 80 + b = 0. What is the units digit of u/(-18)*4*3?
6
Suppose q - 3 - 6 = 0. Suppose -n + q = -l, -2*l - 2*l = -5*n + 48. What is the tens digit of (-2)/(-8) - -151*3/n?
3
Let m = 24807 - 15324. What is the hundreds digit of m?
4
Let a(n) = -4*n**2 - 6 - 15 + 7*n**2 - 2*n + 13*n**3 + 22. What is the units digit of a(3)?
3
Suppose 3*q - 22605 = 3*r, -4*q - r + 23714 = -6406. What is the hundreds digit of q?
5
Let o(d) = 115*d**3 - 4*d**2 + 2*d. Let q(s) = -115*s**3 + 7*s**2 - 3*s + 1. Let m(h) = 3*o(h) + 2*q(h). What is the units digit of m(2)?
0
Let o(q) = -2492*q - 3888. What is the units digit of o(-31)?
4
Suppose -162*k = 303*k - 21481140. What is the ten thousands digit of k?
4
Let c(u) = 5*u**3 + 7*u**2 + 15*u + 11. Let o be c(-6). Let h = o - -1927. What is the tens digit of h?
2
Suppose 7*a = 10*a - 171. Suppose -a = -4*b + 3*t, b + 2*t = -0*b + 6. Suppose 4*c - b - 212 = 0. What is the units digit of c?
6
What is the hundreds digit of (-27620 + -2)*(18 + 640/(-35))?
8
Suppose 58*l - 53*l = 10. Suppose b = -v - 11, -b = 2*v + l*b + 18. What is the units digit of 474/(2 + 0)*(-5)/v?
9
Let a(v) = v - 11. Let g be a(25). Suppose -672 = 11*l - g*l. Suppose l = 16*x - 128. What is the units digit of x?
2
Suppose -79*r + 83*r = 68. Suppose -3799 + 15376 = r*y. What is the hundreds digit of y?
6
Let z(u) = 3*u - 10. Let h(x) = x**2 + 9*x - 32. Let y be h(-12). Let a be z(y). Suppose -a*b - 323 = -n - 54, n + 3*b = 269. What is the hundreds digit of n?
2
Let d = 247 - 522. Suppose 0 = 5*h + 3*n + 2677, -n + 3*n = -8. Let k = d - h. What is the hundreds digit of k?
2
Let x(w) = 8*w**2 - 1. Let r be x(-1). Let l(c) = -5*c + 12*c + 16 + 12 - 40. What is the units digit of l(r)?
7
What is the units digit of 4 - ((-3180)/45 - 10)/(4/858)?
7
Suppose 2*i - 1 = 3. Suppose i*p - 11 - 1 = -4*j, -3*j = 4*p - 14. What is the units digit of ((2 - 3) + 3)*(p - -46)?
6
Let t(c) = 3*c**2 - 4*c - 8. Let k be t(0). What is the hundreds digit of (1182/(-8))/(k + (-157)/(-20))?
9
Let h(z) = 17*z**2 + 2*z + 13. Let t(v) = -18*v**2 - 3*v - 12. Let n(f) = -4*h(f) - 5*t(f). Let j be n(-3). What is the tens digit of j + -1*(1 + 12/(-3))?
8
Suppose 1120 = f - 3*o - 2*o, 5*o = 4*f - 4480. Suppose -5*w + 5*v + f = -0*v, 4*w = -4*v + 872. What is the tens digit of w?
2
Suppose 3*u - 5*c - 484 = 339, 3*u - 4*c = 824. Suppose 3*d - 3*l = -0*d - 441, 2*d + 4*l + u = 0. What is the hundreds digit of (-2)/9 + (-23504)/d?
1
Let o = -1095 + 16781. What is the hundreds digit of o?
6
What is the ten thousands digit of 442072/32 + (-1)/(-8)*10?
1
Suppose 2*u + 1121 = 5*i, 3*i - 5*i = 5*u - 431. Suppose -2*q + 5*c + i = 0, 3*q - 296 = -2*c + 29. Suppose -4*b + 259 = -q. What is the units digit of b?
2
Let r(n) be the third derivative of 73*n**5/60 - n**4/12 - 5*n**3/3 - 2*n**2 + 29. What is the hundreds digit of r(-2)?
2
Suppose 2*k + 4*x - 7200 = 8772, x = -k + 7983. What is the hundreds digit of k?
9
Let l = 548 + 19067. What is the hundreds digit of l?
6
Let l(t) = -t**3 - 21*t**2 - 19*t + 27. Let r be l(-20). Suppose 4*o + 4*q = r*o - 174, -q + 290 = 5*o. What is the tens digit of o?
5
Let q = -90 - -97. Suppose -q*s + 6*s = 3*f - 1847, -3101 = -5*f + 4*s. What is the hundreds digit of f?
6
Suppose -5*c - 8181 = -34163 - 19748. What is the tens digit of c?
4
Let k be 4*(1/(-7))/(26/(-91)). Suppose -4*t = -20, 3 + 3 = k*f + 2*t. What is the units digit of f*(-2)/(-8) + (-1308)/(-8)?
3
Let s be ((-121)/(-2))/(2/4). Let z = s + 219. What is the tens digit of z?
4
Let q(u) = -4*u**2 + 24*u + 19. Let x be q(7). What is the units digit of 1048 + (1/x - (-8)/(-9))?
7
Suppose -2*s = -2*m, 0*m = 3*m - 6. Suppose h + 3*h = -2*u - 24, -5*u - 20 = s*h. Let b = 12 + u. What is the units digit of b?
0
What is the units digit of (1114592/80)/(50/125)?
1
What is the thousands digit of ((-1118)/52 - -8)*(2 + 10184/(-6))?
2
Let u be 6/27 - (-1073)/(-9). Let t be -24 - 178 - (-2 - 0). Let r = u - t. What is the units digit of r?
1
Suppose 4*a = -0*a + 60. Let x(r) = -6*r + 13*r - r**2 + a - 13. What is the units digit of x(3)?
4
Let v = -8992 - -11228. What is the tens digit of v?
3
Let h(y) = -1808*y**3 + y**2 + 14*y + 2. What is the tens digit of h(-3)?
8
Suppose -28 = -7*k + 7. Let x = -3 - k. Let v = x - -98. What is the units digit of v?
0
Suppose -4*o + 304 = -0*o. Let n = o - 38. Let m = 239 - n. What is the units digit of m?
1
Suppose 2*v - 5*x + 140 = 0, -3*v + 4 = 5*x + 239. Let t = 171 - v. Suppose -79*y + 82*y - t = 0. What is the units digit of y?
2
Let q(h) = h + 30 + 3*h - 5*h. Let j(p) = -26*p + 436. Let l be j(17). What is the tens digit of q(l)?
3
Let u be ((-2)/(-8))/(51/174012). Let o = 1539 - u. What is the tens digit of o?
8
Suppose -20 = -7*r + 3*r, -g + 29 = 4*r. Suppose -386 - 631 = -g*u. What is the tens digit of u?
1
Let a = -996 + 484. Let k = a + 517. What is the units digit of k?
5
Let b(j) = 33*j + 20*j + 35 - 73 - 64. What is the hundreds digit of b(10)?
4
Let p(c) = -c**2 + 7*c - 10. Let q be p(5). Suppose 0 = -4*z - q*z + 3780. What is the tens digit of (-2)/(-8) - z/(-28)?
3
Suppose -6*n + 4 = o - n, 0 = 4*n. Suppose -2*i = o*a - 120 - 62, -3*a + 384 = 4*i. Let j = i + 55. What is the hundreds digit of j?
1
Suppose 99 = 7*i - 258. Let b = -49 + i. Suppose -d - b*d = -2*z + 127, -2*d + 278 = 4*z. What is the tens digit of z?
6
Let o(z) = -989*z - 295. What is the units digit of o(-25)?
0
What is the hundreds digit of 3 + (-13 - -7012)*1?
0
Let x = 2733 - 2736. Let h(q) = -9. Let v(s) = -s - 9. Let b(u) = -5*h(u) + 6*v(u). What is the units digit of b(x)?
9
Let r(j) be the third derivative of -5/12*j**4 + 1/60*j**5 + 17*j**2 + 0*j + 5/2*j**3 + 0. What is the units digit of r(11)?
6
Suppose -12 + 228 = -8*z. Suppose j + u + 8 = -j, -4*j = 5*u + 22. What is the units digit of j/(z/84 + 9/(-21))?
4
What is the tens digit of ((-32)/(-30)*3)/((-102)/(-187935))?
9
Suppose u = 3*n - 131 - 132, -243 = -3*n - 3*u. 